hest common divisor of d and 4437.
17
Suppose -40985 = -65*t + 15500. Calculate the greatest common factor of 11 and t.
11
Let u(j) = j**2 + 32*j + 4. Let y be u(-32). Calculate the highest common factor of y and 4.
4
Let h(k) = k**2 + 7*k - 28. Let m be h(-10). Suppose -3*o = 15, -w - m*o = 4 - 12. What is the highest common factor of w and 6?
6
Let n be (-3 + (-1611)/12)/((-93)/248). What is the greatest common divisor of n and 18?
6
Let a(v) = -2*v**3 + 32*v**2 + v + 1. Let l be a(16). What is the greatest common divisor of 272 and l?
17
Let r = 921 - 855. Calculate the greatest common factor of r and 539.
11
Let y = -14 - -22. Suppose -g = g + 5*m - 53, -3*g + 37 = -m. Let q = 22 - g. What is the highest common factor of q and y?
8
Let l(i) = i**3 - 5*i**2 - 6*i + 8. Let z be l(8). Let s(o) = 8*o**2 + 22*o + 13. Let f be s(-3). What is the greatest common factor of f and z?
19
Suppose -4*r + 2*r + 5*k = -87, -3*k + 162 = 3*r. Let m(j) = j + 10. Let v be m(-6). Suppose -42 - 94 = -v*l. Calculate the greatest common factor of l and r.
17
Let x(m) = m**3 - 19*m**2 + 3*m + 15. Let a be x(18). Let d = a + 503. Let g = -172 + d. What is the highest common factor of 190 and g?
38
Suppose 5*u + 40 = 5*z, -2*z = 3*u + 12 - 3. Suppose -k = -0*k. Let r = k + z. What is the greatest common factor of r and 24?
3
Let k = 86 - 46. Let c be 1/5*-4*-10. What is the greatest common factor of k and c?
8
Let x(t) = -76*t**3 + t**2 + 2*t + 2. Let p = 33 + -34. Let v be x(p). What is the highest common factor of v and 22?
11
Suppose 2*c = -4*c - 6. Let p be ((-252)/(-32) - 2/(-16)) + c. What is the greatest common factor of 91 and p?
7
Let d(i) = 319*i + 6. Let g be d(1). What is the highest common divisor of 91 and g?
13
Let n(g) = g**2 + 7*g + 9. Let t be n(-6). Suppose 0 = -0*o - t*o - 36. Let d = o - -16. What is the highest common factor of d and 6?
2
Let z(h) = h**3 + 8*h**2 - 58*h - 53. Let n be z(7). Calculate the greatest common factor of n and 1173.
69
Let k(d) = 8*d - 3*d**2 + 4*d**2 - 10*d + 70. Let o be k(0). What is the highest common factor of o and 105?
35
Let o(k) be the second derivative of -k**4/12 + 5*k**3/3 + 9*k**2/2 - 12*k. Let r be o(7). Calculate the highest common divisor of r and 6.
6
Let j(x) = 13*x + 65. Let c be j(-4). Let z = 60 - 21. Calculate the highest common factor of c and z.
13
Suppose -2*y + 437 = 5*x - 199, -130 = -x + y. What is the highest common factor of x and 48?
16
Let y be 676/22 - 129/(-473). What is the greatest common divisor of 124 and y?
31
Let v = 473 + -330. What is the highest common divisor of v and 33?
11
Let j be -1*8*(46 - 62). What is the greatest common factor of 4 and j?
4
Let q = 34 + -21. Suppose t = d + q, -2*t - t - 5*d = -47. Calculate the greatest common factor of t and 21.
7
Let r = 133 - 58. What is the greatest common factor of 3 and r?
3
Let z(v) = -45*v + 1098. Let n be z(24). Calculate the highest common divisor of 450 and n.
18
Suppose -6*n - 2*n = -1000. Suppose -5*l - 2*v = -127, -v - 14 - n = -5*l. Calculate the greatest common factor of 18 and l.
9
Let v(s) = 6*s**3 - 2*s**2 + 1. Let k be v(1). Let l be (6 - k)/(3/21). Calculate the greatest common factor of l and 35.
7
Let x be -2*(27/6)/(-1). Let d(y) = 15*y + 24. Let z be d(-13). Let c = -99 - z. Calculate the greatest common factor of x and c.
9
Let k be 4 + -5 - 1*-3. Suppose -22 = -2*j + 3*r, -23 = -4*j + j + k*r. Let x be (8/3)/((-28)/(-210)). What is the greatest common factor of x and j?
5
Suppose 2*u - v - 4*v = 411, -4*v - 12 = 0. Calculate the greatest common divisor of 18 and u.
18
Let w = 5 - 2. Suppose 5*n = -2*n. Suppose l - 2*g + 66 = 5*l, 4*g - 12 = n. What is the greatest common divisor of l and w?
3
Let x(g) = g**2 - 10*g - 34. Let c be x(13). Let t be (-20)/50 - (-172)/c. Calculate the greatest common divisor of t and 51.
17
Suppose -15 = 5*v + 5. Let w(i) = 12*i - 1. Let c(m) = -7*m + 1. Let y(j) = -5*c(j) - 3*w(j). Let t be y(v). What is the highest common factor of t and 4?
2
Let c = 15 - 8. Suppose -49 - 1 = 5*a. Let p(l) = l**2 + 7*l + 12. Let y be p(a). What is the highest common divisor of y and c?
7
Let w(n) = 68*n**2 - 40*n - 38. Let z be w(-1). What is the greatest common factor of z and 150?
10
Let x be (8 - -2)/((-95)/(-228)). Let c = 46 + -21. Suppose -3*i = -97 + c. Calculate the highest common factor of x and i.
24
Let n be 49/(-7 - 0) + 63. Calculate the greatest common factor of 126 and n.
14
Let l = -25 - -34. Suppose l*x - 684 = 5*x. What is the highest common factor of x and 19?
19
Let m = -154 + 96. Let h = m - -175. What is the greatest common divisor of h and 78?
39
Let d(c) be the second derivative of -7*c**3/6 - 21*c**2/2 + 38*c. Let s be d(-8). What is the greatest common factor of 245 and s?
35
Suppose 3*d = -5*c + 1445, d - 1149 = -29*c + 25*c. What is the greatest common divisor of c and 234?
26
Suppose j - 3*c + 531 = 5*j, -j = 2*c - 139. Calculate the greatest common factor of 3 and j.
3
Suppose -12 = -o + z - 2*z, -4*z + 60 = 5*o. Suppose 2*u + y = 12 - 124, 0 = 2*u + 2*y + 108. Let p = 2 - u. What is the highest common divisor of p and o?
12
Suppose 3*w = -3, 4*w + 833 = 4*m + 3*w. What is the greatest common factor of 26 and m?
26
Let g be (-9)/(-18)*154/1. Suppose 0 = -2*m + g + 143. Calculate the highest common divisor of m and 10.
10
Suppose 4*a = 20, -2*x + 72 = -2*a - 6. Calculate the highest common divisor of x and 748.
44
Let z be 136/14 + ((-4)/(-7))/2. Suppose -t + 165 = 4*t. Let p = 58 - t. What is the greatest common factor of z and p?
5
Let t(h) = h**3 + 6*h**2 - 8*h - 1. Let c be t(-7). Calculate the greatest common factor of c and 156.
6
Let h = 7 - 10. Let z(t) = t**3 + 2*t**2 - 3*t + 3. Let q be z(h). Suppose 3*s - 7 - 15 = 4*m, -57 = -q*s - 3*m. What is the greatest common factor of s and 21?
7
Suppose 4*q - 409 = 259. Suppose 4*z - 39 = -q. Let t be 2/(-3) - z/12. What is the highest common divisor of t and 20?
2
Let x be 9 - (-5 + 5 - -2). Suppose -x - 77 = -4*k. Let z(s) = -2*s + 1. Let b be z(-3). What is the highest common factor of b and k?
7
Let n be 86 + -8 - (-6)/2. Let y(m) = m**3 + m**2 - m + 9. Let q be 4/(-10) + 46/115. Let j be y(q). Calculate the highest common divisor of n and j.
9
Let h be (-8)/(-2) - (-9 + 11)*-37. What is the highest common divisor of h and 104?
26
Suppose 8*y = 20*y - 36. Calculate the highest common factor of y and 2.
1
Suppose 0 = -g + 3*u - 1, 0 = -2*g - u - 28 + 5. Let m(b) = b**2 + 11*b + 20. Let d be m(g). Calculate the greatest common divisor of d and 50.
10
Suppose -148 = -2*a - 3*s, -2*s + 3*s = -3*a + 229. Let w(c) = c**2 - 10*c - 4. Let h = 6 - -5. Let r be w(h). Calculate the greatest common divisor of a and r.
7
Let h be (-2 - -4) + 21*1. Let g be 6 + (-1)/((-257)/(-86) + -3). Calculate the highest common factor of h and g.
23
Suppose -4*v - 64 = -5*b + 9, -v + 3*b - 27 = 0. Let f = -9 - v. What is the highest common factor of 3 and f?
3
Let y = 37 + -26. Suppose v + j = 4, 0 = -v + 2*j + 1 - 3. Suppose -v*u = 3*u - 440. Calculate the greatest common divisor of u and y.
11
Let t be (176 + 119)/((-1)/(-4)). What is the greatest common divisor of 60 and t?
20
Suppose 0 = 6*s + 8*s - 56. Let y(h) = 9*h - 25. Let i be y(s). Calculate the highest common factor of i and 99.
11
Let p(g) = -g**3 + 22*g**2 + 4*g + 88. Let x be p(22). Suppose 0 = -4*i - y + 65, -2*i + 5*y + 41 = 14. What is the greatest common factor of x and i?
16
Suppose o = 4*r + 1119, r = 2*r - 4*o + 276. Let p = -169 - r. Let y = p + 10. What is the greatest common divisor of y and 11?
11
Let j(q) = -q**3 - 9*q**2 + 8*q - 14. Let o be j(-10). Suppose -3*r = -12 - o. Calculate the greatest common factor of r and 66.
6
Suppose -1353 + 5769 = 24*l. Calculate the highest common divisor of 69 and l.
23
Suppose 2*t = 0, 5*t - 7 + 1 = -k. Suppose 3*z + 47 = 4*v, -k*z = -v - 3*z + 5. Calculate the highest common divisor of v and 154.
14
Let a(b) = -b**2 - 10*b - 8. Let p be (-16 + 6)*(-1)/2. Suppose -3 = t - g, 3*g + 60 = -p*t - g. Let x be a(t). Calculate the highest common factor of 32 and x.
8
Let f be (66/30 - 1)/(8/60). What is the greatest common factor of 423 and f?
9
Let h(y) = y**2 - 15*y + 103. Let j be h(23). What is the greatest common divisor